e of 895?
False
Is 984478453 a multiple of 1639?
False
Is 151285532 a multiple of 5102?
False
Is 1128943655 a multiple of 5981?
True
Is 35 a factor of 7623268?
False
Does 10248 divide 1919463005?
False
Does 5 divide 43850510?
True
Is 50409216 a multiple of 1496?
True
Is 549394694 a multiple of 17?
False
Does 579 divide 849245934?
True
Is 26 a factor of 2584953?
False
Is 135709722 a multiple of 11?
False
Is 559351894 a multiple of 9974?
True
Does 154 divide 27142945?
False
Is 1773760644 a multiple of 38?
False
Is 742 a factor of 19832398?
False
Is 1174388688 a multiple of 6259?
True
Does 3931 divide 979931473?
True
Is 46069491 a multiple of 262?
False
Is 8631110 a multiple of 8?
False
Does 21 divide 491960469?
True
Is 36 a factor of 860375658?
False
Is 269401599 a multiple of 65?
False
Is 2623936 a multiple of 18?
False
Is 137460736 a multiple of 16?
True
Is 1371996 a multiple of 6?
True
Is 31791400 a multiple of 7?
False
Does 564 divide 70300908?
True
Does 44 divide 1257762132?
True
Is 1598 a factor of 62002644?
False
Is 608179364 a multiple of 4628?
True
Is 546865480 a multiple of 343?
True
Is 191647751 a multiple of 868?
False
Is 282 a factor of 10814700?
True
Does 3759 divide 1618460004?
True
Is 779 a factor of 255510?
False
Is 58 a factor of 113080671?
False
Is 265254722 a multiple of 46?
True
Is 27 a factor of 8969890?
False
Does 66 divide 5460246?
True
Does 598 divide 3969707586?
True
Does 3386 divide 343916020?
True
Does 122 divide 9851012?
True
Is 43599870 a multiple of 57?
True
Is 16 a factor of 61259625?
False
Is 146203358 a multiple of 4949?
True
Does 17 divide 703262018?
True
Is 13628018 a multiple of 281?
False
Is 2179572 a multiple of 6?
True
Is 9766997 a multiple of 29?
True
Does 12 divide 52034088?
True
Is 372 a factor of 3230646?
False
Is 1919540199 a multiple of 77?
False
Is 660617880 a multiple of 520?
True
Does 47 divide 18773169?
False
Is 10218335 a multiple of 60?
False
Is 14224149 a multiple of 9?
True
Does 24 divide 50600520?
True
Is 251800352 a multiple of 61?
False
Is 2052829 a multiple of 71?
False
Is 112876718 a multiple of 282?
False
Is 4 a factor of 3348985?
False
Is 93 a factor of 14441341?
False
Is 407843401 a multiple of 3292?
False
Is 421127623 a multiple of 45?
False
Is 1527980 a multiple of 38?
True
Is 1220046043 a multiple of 2?
False
Is 36519714 a multiple of 42?
True
Is 3735130562 a multiple of 10?
False
Is 284 a factor of 117274108?
True
Does 819 divide 2408291613?
True
Does 138 divide 64771404?
True
Is 61427310 a multiple of 10?
True
Does 46 divide 59768812?
True
Is 517 a factor of 620892969?
False
Is 286 a factor of 25873562?
True
Does 22 divide 502233688?
True
Does 1106 divide 27505114?
True
Does 60 divide 208247878?
False
Does 6021 divide 517530330?
False
Is 10767404 a multiple of 28?
False
Is 37172189 a multiple of 15?
False
Is 475 a factor of 1087768301?
False
Is 1040615417 a multiple of 71?
False
Is 567998722 a multiple of 142?
True
Is 71 a factor of 3354466?
True
Does 1406 divide 2053169146?
True
Is 2234845707 a multiple of 154?
False
Is 12591580 a multiple of 115?
True
Does 1446 divide 4000405272?
True
Is 53 a factor of 17606441?
True
Is 1857868839 a multiple of 291?
True
Is 132 a factor of 681648?
True
Is 3764778 a multiple of 69?
True
Does 1564 divide 18717952?
True
Does 11 divide 55540364?
True
Is 486067813 a multiple of 35?
False
Is 1204884041 a multiple of 7867?
False
Is 8 a factor of 274506152?
True
Is 79 a factor of 2353617965?
False
Does 551 divide 3298528440?
True
Is 7 a factor of 189538524?
True
Does 169 divide 104455689?
True
Is 317186975 a multiple of 26?
False
Does 39 divide 2595051187?
False
Is 7 a factor of 38739972?
False
Is 12939713 a multiple of 29?
True
Is 1927016 a multiple of 5?
False
Is 2 a factor of 23503023?
False
Is 35 a factor of 523439735?
True
Is 313015260 a multiple of 502?
False
Is 32 a factor of 412902096?
False
Is 410129808 a multiple of 176?
True
Is 84 a factor of 1531461611?
False
Does 2031 divide 168802691?
False
Does 47 divide 4130676?
False
Is 234473637 a multiple of 1347?
True
Is 47487933 a multiple of 9?
True
Is 365 a factor of 776016275?
False
Is 1721677325 a multiple of 2138?
False
Is 890 a factor of 21353458?
False
Is 2130 a factor of 1043406060?
True
Is 1323 a factor of 491710149?
True
Is 449073429 a multiple of 920?
False
Is 119005063 a multiple of 91?
False
Is 1305030784 a multiple of 8?
True
Does 157 divide 10873192?
True
Does 28 divide 15356100?
False
Does 1083 divide 110973740?
False
Does 7 divide 19254347?
True
Is 976 a factor of 1480236736?
True
Is 2564 a factor of 99037813?
False
Is 11 a factor of 645169250?
True
Is 39641246 a multiple of 3444?
False
Is 19797882 a multiple of 26?
True
Is 26670707 a multiple of 43?
True
Is 567 a factor of 64189503?
True
Is 42577512 a multiple of 488?
True
Does 65 divide 874497786?
False
Is 2932 a factor of 1614153960?
True
Is 17 a factor of 1393850?
False
Does 360 divide 1597714560?
True
Is 81 a factor of 144101268?
True
Does 4078 divide 134757510?
True
Is 830604762 a multiple of 1742?
True
Is 3 a factor of 752142?
True
Does 315 divide 108738209?
False
Is 1726871418 a multiple of 18?
True
Is 400455594 a multiple of 63?
True
Is 43 a factor of 181933109?
False
Does 257 divide 14681009?
False
Does 2878 divide 1054447720?
False
Is 149024832 a multiple of 2706?
True
Does 2197 divide 736318942?
False
Is 363831741 a multiple of 133?
True
Does 115 divide 157055174?
False
Is 9 a factor of 35194700?
False
Is 425 a factor of 357937125?
True
Is 74 a factor of 2393279806?
True
Does 202 divide 20337505?
False
Does 6 divide 87543585?
False
Does 19 divide 6366273?
True
Is 127658779 a multiple of 237?
False
Is 3010 a factor of 3663170?
True
Is 50461218 a multiple of 934?
True
Does 13 divide 1557461737?
True
Is 7 a factor of 512131966?
False
Does 122 divide 113509898?
True
Is 52517832 a multiple of 1801?
False
Is 17 a factor of 2669668933?
True
Is 17 a factor of 209800236?
False
Is 73 a factor of 829500241?
True
Does 548 divide 51610074?
False
Is 12 a factor of 476137224?
True
Is 80755488 a multiple of 59?
False
Is 2977 a factor of 213668221?
True
Is 581389980 a multiple of 487?
False
Is 522603510 a multiple of 11?
True
Does 16 divide 13750544?
True
Is 511907968 a multiple of 16?
True
Is 329669056 a multiple of 764?
True
Is 908 a factor of 271694612?
False
Does 15 divide 153453158?
False
Is 3 a factor of 370558278?
True
Is 1085291480 a multiple of 56?
True
Is 27986235 a multiple of 67?
True
Is 11808797 a multiple of 77?
True
Is 383 a factor of 660076304?
False
Is 459 a factor of 213558930?
True
Is 11 a factor of 10942589?
False
Is 6391073 a multiple of 169?
True
Is 19943924 a multiple of 2002?
True
Is 58675240 a multiple of 104?
True
Is 51958319 a multiple of 514?
False
Is 837 a factor of 685507512?
False
Is 3464330 a multiple of 179?
False
Is 2057 a factor of 248897363?
False
Does 40 divide 78798607?
False
Is 45614080 a multiple of 151?
True
Does 2244 divide 582589524?
True
Is 660 a factor of 178914780?
True
Is 2062239146 a multiple of 5454?
False
Is 80 a factor of 2322857093?
False
Is 48796730 a multiple of 63?
False
Does 53 divide 4797514?
False
Is 552 a factor of 251370799?
False
Is 13 a factor of 100946009?
False
Is 29 a factor of 697878003?
False
Is 80709929 a multiple of 1950?
False
Does 29 divide 427439454?
False
Is 59 a factor of 704966740?
False
Does 14 divide 706860813?
False
Is 564917931 a multiple of 14?
False
Is 526319418 a multiple of 57?
True
Does 36 divide 22095044?
False
Is 572512782 a multiple of 280?
False
Is 5 a factor of 56819072?
False
Is 3424248 a multiple of 27?
True
Does 35 divide 38856785?
False
Is 488 a factor of 660276200?
True
Is 169 a factor of 341995667?
True
Is 101 a factor of 625274835?
False
Is 787054173 a multiple of 4674?
False
Is 179441796 a multiple of 3?
True
Does 71 divide 30794527?
False
Is 244385520 a multiple of 80?
True
Is 470949098 a multiple of 3641?
False
Is 2933 a factor of 117757017?
True
Does 57 divide 17071538?
False
Is 152875612 a multiple of 168?
False
Is 562472647 a multiple of 8029?
False
Is 28 a factor of 956406640?
True
Does 15 divide 3171854041?
False
Is 37231950 a multiple of 525?
True
Is 4 a factor of 68610601?
False
Is 714 a factor of 579532209?
False
Is 6860270889